ulate the greatest common divisor of 1188 and 204.
12
Calculate the highest common divisor of 875 and 35.
35
Calculate the greatest common divisor of 7656 and 264.
264
What is the highest common divisor of 2409 and 396?
33
What is the highest common factor of 36 and 468?
36
Calculate the highest common divisor of 12 and 3.
3
Calculate the highest common divisor of 180 and 603.
9
Calculate the highest common divisor of 1296 and 81.
81
What is the greatest common divisor of 26 and 7748?
26
What is the greatest common divisor of 1024 and 2?
2
Calculate the greatest common divisor of 36 and 20.
4
Calculate the highest common divisor of 59963 and 61.
61
Calculate the greatest common divisor of 1807 and 13.
13
Calculate the highest common factor of 2716 and 252.
28
What is the highest common factor of 44 and 110?
22
What is the highest common divisor of 12 and 61?
1
Calculate the greatest common divisor of 80 and 440.
40
Calculate the highest common factor of 923 and 213.
71
Calculate the highest common divisor of 768 and 144.
48
What is the highest common factor of 21 and 399?
21
What is the highest common divisor of 73 and 6132?
73
Calculate the highest common divisor of 39 and 9594.
39
Calculate the greatest common divisor of 243 and 6399.
81
What is the highest common factor of 10225 and 75?
25
Calculate the highest common divisor of 693 and 198.
99
What is the highest common divisor of 1442 and 2472?
206
What is the highest common divisor of 58 and 20590?
58
Calculate the highest common factor of 442 and 34.
34
What is the greatest common divisor of 90 and 50?
10
What is the greatest common divisor of 36 and 18?
18
What is the highest common factor of 57 and 456?
57
Calculate the greatest common factor of 12 and 1032.
12
What is the highest common factor of 110 and 1870?
110
Calculate the highest common factor of 4032 and 12.
12
Calculate the highest common factor of 119 and 544.
17
Calculate the greatest common factor of 22 and 14.
2
Calculate the greatest common factor of 11120 and 80.
80
Calculate the greatest common factor of 78 and 16809.
39
Calculate the greatest common factor of 64 and 256.
64
What is the highest common divisor of 96 and 996?
12
What is the greatest common divisor of 304 and 95?
19
Calculate the greatest common factor of 1504 and 224.
32
What is the greatest common factor of 24 and 180?
12
Calculate the greatest common factor of 132 and 1353.
33
Calculate the highest common divisor of 325 and 75.
25
Calculate the highest common factor of 1623 and 6.
3
Calculate the highest common divisor of 30324 and 12.
12
What is the greatest common divisor of 63 and 1183?
7
What is the greatest common factor of 4 and 22556?
4
Calculate the highest common factor of 114 and 30.
6
What is the greatest common divisor of 267 and 712?
89
Calculate the highest common divisor of 123 and 6027.
123
What is the greatest common divisor of 7 and 1554?
7
What is the highest common factor of 4876 and 848?
212
What is the greatest common factor of 3937 and 381?
127
Calculate the highest common divisor of 24 and 12216.
24
What is the greatest common divisor of 5070 and 234?
78
What is the greatest common divisor of 2294 and 62?
62
What is the greatest common factor of 174 and 12?
6
What is the greatest common factor of 40 and 50?
10
Calculate the highest common factor of 26 and 52.
26
What is the greatest common factor of 135 and 25965?
45
What is the highest common divisor of 224 and 3040?
32
What is the greatest common divisor of 63 and 1099?
7
What is the highest common factor of 5846 and 74?
74
What is the highest common divisor of 307 and 18727?
307
What is the highest common factor of 75 and 3200?
25
What is the greatest common divisor of 33110 and 308?
154
Calculate the greatest common divisor of 30 and 100.
10
Calculate the highest common divisor of 392 and 3472.
56
What is the highest common divisor of 279 and 2?
1
Calculate the highest common divisor of 496 and 320.
16
Calculate the greatest common divisor of 200 and 400.
200
What is the greatest common divisor of 2139 and 207?
69
Calculate the highest common factor of 49 and 273.
7
What is the greatest common divisor of 252 and 9?
9
What is the highest common factor of 285 and 30?
15
What is the highest common divisor of 1862 and 133?
133
Calculate the greatest common divisor of 42 and 6.
6
Calculate the highest common factor of 81 and 4077.
27
Calculate the greatest common factor of 402 and 33969.
201
What is the highest common factor of 144 and 18?
18
Calculate the highest common divisor of 966 and 42.
42
What is the highest common factor of 32597 and 37?
37
Calculate the highest common divisor of 1 and 64.
1
Calculate the greatest common factor of 493 and 174.
29
Calculate the highest common factor of 80 and 880.
80
What is the greatest common divisor of 77 and 21?
7
What is the highest common divisor of 88 and 1045?
11
Calculate the greatest common factor of 9672 and 936.
312
What is the greatest common divisor of 48 and 72?
24
What is the greatest common divisor of 3401 and 19?
19
What is the greatest common factor of 260 and 20?
20
What is the greatest common factor of 384 and 1176?
24
What is the highest common factor of 98 and 2?
2
Calculate the highest common divisor of 2497 and 121.
11
Calculate the highest common factor of 91 and 8333.
13
Calculate the greatest common divisor of 8 and 26.
2
What is the highest common factor of 12 and 80?
4
Calculate the highest common divisor of 24102 and 702.
234
Calculate the greatest common divisor of 3278 and 1490.
298
Calculate the greatest common divisor of 113 and 2.
1
What is the greatest common factor of 42 and 168?
42
What is the greatest common factor of 1320 and 55?
55
What is the highest common divisor of 2 and 2026?
2
Calculate the greatest common factor of 497 and 284.
71
Calculate the greatest common factor of 6495 and 240.
15
Calculate the greatest common factor of 75 and 800.
25
Calculate the highest common factor of 36 and 66.
6
What is the highest common factor of 539 and 245?
49
What is the greatest common factor of 32672 and 8?
8
What is the greatest common factor of 27 and 576?
9
Calculate the greatest common factor of 15 and 80.
5
What is the highest common divisor of 319 and 539?
11
Calculate the greatest common divisor of 1 and 823.
1
Calculate the highest common divisor of 925 and 110.
5
Calculate the highest common divisor of 100 and 1880.
20
What is the greatest common factor of 144 and 384?
48
What is the highest common factor of 256 and 2?
2
What is the highest common factor of 209 and 14003?
209
Calculate the highest common divisor of 110 and 325.
5
What is the greatest common divisor of 16 and 1904?
16
Calculate the highest common divisor of 1900 and 14440.
380
What is the greatest common divisor of 400 and 350?
50
Calculate the highest common divisor of 77 and 336.
7
Calculate the highest common factor of 1134 and 28.
14
Calculate the greatest common factor of 793 and 156.
13
Calculate the highest common factor of 99 and 11.
11
Calculate the greatest common factor of 252 and 21.
21
Calculate the highest common divisor of 9234 and 36.
18
What is the greatest common factor of 3157 and 4305?
287
Calculate the greatest common factor of 3280 and 440.
40
Calculate the highest common factor of 1342 and 242.
22
What is the highest common factor of 416 and 13?
13
What is the greatest common factor of 383 and 73153?
383
What is the highest common factor of 3021 and 741?
57
Calculate the greatest common factor of 192 and 6.
6
Calculate the highest common divisor of 100 and 4100.
100
Calculate the highest common divisor of 3 and 1002.
3
Calculate the highest common divisor of 490 and 210.
70
Calculate the greatest common divisor of 5270 and 204.
34
Calculate the highest common divisor of 8 and 1944.
8
Calculate the highest common divisor of 2292 and 12.
12
What is the greatest common divisor of 63 and 1827?
63
What is the highest common divisor of 124 and 1147?
31
What is the highest common factor of 11 and 484?
11
Calculate the highest common factor of 95 and 6935.
95
Calculate the highest common factor of 332 and 8881.
83
Calculate the highest common factor of 480 and 65.
5
What is the highest common divisor of 91 and